{"id":7075,"date":"2022-09-26T02:36:34","date_gmt":"2022-09-26T02:36:34","guid":{"rendered":"https:\/\/resulam.com\/?post_type=product&#038;p=7075"},"modified":"2022-09-26T02:42:56","modified_gmt":"2022-09-26T02:42:56","slug":"conte-africain-kikongo-travaille-aujourdhui-et-mange-demain-paresse-aujourdhui-et-vole-demain-french-edition","status":"publish","type":"product","link":"https:\/\/resulam.com\/fr\/produit\/conte-africain-kikongo-travaille-aujourdhui-et-mange-demain-paresse-aujourdhui-et-vole-demain-french-edition\/","title":{"rendered":"Conte Africain &#8211; Kikongo: \u00ab Travaille aujourd\u2019hui et mange demain, paresse aujourd\u2019hui et vole demain \u00bb. (French Edition)"},"content":{"rendered":"<section class=\"wpb-content-wrapper\"><div class=\"vc_row wpb_row vc_row-fluid\"><div class=\"wpb_column vc_column_container vc_col-sm-6\"><div class=\"vc_column-inner\"><div class=\"wpb_wrapper\">\n\t<div class=\"wpb_text_column wpb_content_element\" >\n\t\t<div class=\"wpb_wrapper\">\n\t\t\t<h2 id=\"title\" class=\"a-spacing-none a-text-normal\">Contes Africain<\/h2>\n<p>Mv\u00eengidi et Luku\u00e2mu \u00e9taient des s\u0153urs. Elles all\u00e8rent un jour au champ, au mois de Mars, pour semer le ma\u00efs. Mv\u00eengidi sema sur deux billons, se fatigua et s\u2019assit. Luku\u00e2mu s\u2019effor\u00e7a et continua \u00e0 semer son ma\u00efs. Elle finit et vint retrouver son a\u00een\u00e9e Mv\u00eengidi assise \u00e0 l\u2019endroit o\u00f9 elle l\u2019avait laiss\u00e9e. Elle concassait ses palmistes. Elle dit \u00e0 sa s\u0153ur : \u00ab Ma grande s\u0153ur Mv\u00eengidi, \u00e7a te dirait qu\u2019on rentre ? \u00bb Sa grande s\u0153ur lui r\u00e9pondit : \u00ab Tant que \u00e7a ne germe pas, je ne bougerai pas. \u00bb La suite dans ce livre<\/p>\n<p>www.resulam.com<\/p>\n\n\t\t<\/div>\n\t<\/div>\n<\/div><\/div><\/div><div class=\"wpb_column vc_column_container vc_col-sm-6\"><div class=\"vc_column-inner\"><div class=\"wpb_wrapper\">\n\t<div class=\"wpb_text_column wpb_content_element\" >\n\t\t<div class=\"wpb_wrapper\">\n\t\t\t<h2>Product details<\/h2>\n<div id=\"detailBullets_feature_div\">\n<ul class=\"a-unordered-list a-nostyle a-vertical a-spacing-none detail-bullet-list\">\n<li><span class=\"a-list-item\"><span class=\"a-text-bold\">Publisher \u200f : \u200e\u00a0<\/span>Independently published (January 18, 2019)<\/span><\/li>\n<li><span class=\"a-list-item\"><span class=\"a-text-bold\">Language \u200f : \u200e\u00a0<\/span>French<\/span><\/li>\n<li><span class=\"a-list-item\"><span class=\"a-text-bold\">Paperback \u200f : \u200e\u00a0<\/span>37 pages<\/span><\/li>\n<li><span class=\"a-list-item\"><span class=\"a-text-bold\">ISBN-10 \u200f : \u200e\u00a0<\/span>1794371389<\/span><\/li>\n<li><span class=\"a-list-item\"><span class=\"a-text-bold\">ISBN-13 \u200f : \u200e\u00a0<\/span>978-1794371385<\/span><\/li>\n<li><span class=\"a-list-item\"><span class=\"a-text-bold\">Item Weight \u200f : \u200e\u00a0<\/span>0.81 ounces<\/span><\/li>\n<li><span class=\"a-list-item\"><span class=\"a-text-bold\">Dimensions \u200f : \u200e\u00a0<\/span>8.25 x 0.09 x 6 inches<\/span><\/li>\n<\/ul>\n<\/div>\n<ul class=\"a-unordered-list a-nostyle a-vertical a-spacing-none detail-bullet-list\">\n<li><span class=\"a-list-item\"><span class=\"a-text-bold\">Best Sellers Rank:\u00a0<\/span>#3,698,817 in Books (<a href=\"https:\/\/www.amazon.com\/gp\/bestsellers\/books\/ref=pd_zg_ts_books\">See Top 100 in Books<\/a>)<\/span>\n<ul class=\"a-unordered-list a-nostyle a-vertical zg_hrsr\">\n<li><span class=\"a-list-item\">#26,966 in\u00a0<a href=\"https:\/\/www.amazon.com\/gp\/bestsellers\/books\/2977\/ref=pd_zg_hrsr_books\">Children&#8217;s Folk Tales &amp; Myths (Books)<\/a><\/span><\/li>\n<li><span class=\"a-list-item\">#29,980 in\u00a0<a href=\"https:\/\/www.amazon.com\/gp\/bestsellers\/books\/12615\/ref=pd_zg_hrsr_books\">Folklore (Books)<\/a><\/span><\/li>\n<\/ul>\n<\/li>\n<\/ul>\n<p>&nbsp;<\/p>\n<p>&nbsp;<\/p>\n\n\t\t<\/div>\n\t<\/div>\n<\/div><\/div><\/div><\/div>\n<\/section>","protected":false},"excerpt":{"rendered":"Contes Africain Mv\u00eengidi et Luku\u00e2mu \u00e9taient des s\u0153urs. Elles all\u00e8rent un jour au champ, au mois de Mars, pour semer","protected":false},"featured_media":7076,"comment_status":"open","ping_status":"closed","template":"","meta":[],"product_cat":[74],"product_tag":[],"class_list":["post-7075","product","type-product","status-publish","has-post-thumbnail","hentry","product_cat-kikongo"],"_links":{"self":[{"href":"https:\/\/resulam.com\/fr\/wp-json\/wp\/v2\/product\/7075","targetHints":{"allow":["GET"]}}],"collection":[{"href":"https:\/\/resulam.com\/fr\/wp-json\/wp\/v2\/product"}],"about":[{"href":"https:\/\/resulam.com\/fr\/wp-json\/wp\/v2\/types\/product"}],"replies":[{"embeddable":true,"href":"https:\/\/resulam.com\/fr\/wp-json\/wp\/v2\/comments?post=7075"}],"wp:featuredmedia":[{"embeddable":true,"href":"https:\/\/resulam.com\/fr\/wp-json\/wp\/v2\/media\/7076"}],"wp:attachment":[{"href":"https:\/\/resulam.com\/fr\/wp-json\/wp\/v2\/media?parent=7075"}],"wp:term":[{"taxonomy":"product_cat","embeddable":true,"href":"https:\/\/resulam.com\/fr\/wp-json\/wp\/v2\/product_cat?post=7075"},{"taxonomy":"product_tag","embeddable":true,"href":"https:\/\/resulam.com\/fr\/wp-json\/wp\/v2\/product_tag?post=7075"}],"curies":[{"name":"wp","href":"https:\/\/api.w.org\/{rel}","templated":true}]}}

<section class="wpb-content-wrapper"><div class="vc_row wpb_row vc_row-fluid"><div class="wpb_column vc_column_container vc_col-sm-6"><div class="vc_column-inner"><div class="wpb_wrapper">
	<div class="wpb_text_column wpb_content_element" >
		<div class="wpb_wrapper">
			<h2 id="title" class="a-spacing-none a-text-normal">Contes Africain</h2>
<p>Mvîngidi et Lukuâmu étaient des sœurs. Elles allèrent un jour au champ, au mois de Mars, pour semer le maïs. Mvîngidi sema sur deux billons, se fatigua et s’assit. Lukuâmu s’efforça et continua à semer son maïs. Elle finit et vint retrouver son aînée Mvîngidi assise à l’endroit où elle l’avait laissée. Elle concassait ses palmistes. Elle dit à sa sœur : « Ma grande sœur Mvîngidi, ça te dirait qu’on rentre ? » Sa grande sœur lui répondit : « Tant que ça ne germe pas, je ne bougerai pas. » La suite dans ce livre</p>
<p>www.resulam.com</p>

		</div>
	</div>
</div></div></div><div class="wpb_column vc_column_container vc_col-sm-6"><div class="vc_column-inner"><div class="wpb_wrapper">
	<div class="wpb_text_column wpb_content_element" >
		<div class="wpb_wrapper">
			<h2>Product details</h2>
<div id="detailBullets_feature_div">
<ul class="a-unordered-list a-nostyle a-vertical a-spacing-none detail-bullet-list">
<li><span class="a-list-item"><span class="a-text-bold">Publisher ‏ : ‎ </span>Independently published (January 18, 2019)</span></li>
<li><span class="a-list-item"><span class="a-text-bold">Language ‏ : ‎ </span>French</span></li>
<li><span class="a-list-item"><span class="a-text-bold">Paperback ‏ : ‎ </span>37 pages</span></li>
<li><span class="a-list-item"><span class="a-text-bold">ISBN-10 ‏ : ‎ </span>1794371389</span></li>
<li><span class="a-list-item"><span class="a-text-bold">ISBN-13 ‏ : ‎ </span>978-1794371385</span></li>
<li><span class="a-list-item"><span class="a-text-bold">Item Weight ‏ : ‎ </span>0.81 ounces</span></li>
<li><span class="a-list-item"><span class="a-text-bold">Dimensions ‏ : ‎ </span>8.25 x 0.09 x 6 inches</span></li>
</ul>
</div>
<ul class="a-unordered-list a-nostyle a-vertical a-spacing-none detail-bullet-list">
<li><span class="a-list-item"><span class="a-text-bold">Best Sellers Rank: </span>#3,698,817 in Books (<a href="https://www.amazon.com/gp/bestsellers/books/ref=pd_zg_ts_books">See Top 100 in Books</a>)</span>
<ul class="a-unordered-list a-nostyle a-vertical zg_hrsr">
<li><span class="a-list-item">#26,966 in <a href="https://www.amazon.com/gp/bestsellers/books/2977/ref=pd_zg_hrsr_books">Children&#8217;s Folk Tales &amp; Myths (Books)</a></span></li>
<li><span class="a-list-item">#29,980 in <a href="https://www.amazon.com/gp/bestsellers/books/12615/ref=pd_zg_hrsr_books">Folklore (Books)</a></span></li>
</ul>
</li>
</ul>
<p>&nbsp;</p>
<p>&nbsp;</p>

		</div>
	</div>
</div></div></div></div>
</section>

Contes Africain Mvîngidi et Lukuâmu étaient des sœurs. Elles allèrent un jour au champ, au mois de Mars, pour semer
